). Let b be h(i). Let j be -1 - ((2 - 5) + b). Calculate m(j).
6
Suppose 0 = -b - x + 4, 3*x - 12 + 0 = 0. Suppose -2*k - k = -5*y - 26, b = -y + 2*k - 8. Let v be 3/y - 57/(-12). Let w(l) = l**2 - 4*l + 3. Give w(v).
3
Suppose -5*f = 3*w + 1054, -2*f = -2*w - 4*f - 700. Let m be w/8*(-4)/(-6). Let b = m - -34. Let i(o) = 2*o + 2. What is i(b)?
12
Let g(n) = n**3 + 10*n**2 - 12*n - 8. Suppose -127*y + 133*y + 66 = 0. Determine g(y).
3
Let i(z) = 158*z + 4. Let o be i(2). Let v(j) = 0 - o*j**2 - 5 + 319*j**2 + 7*j. Determine v(6).
1
Let m(a) = -9*a - 23. Let b(r) = -3*r - 8. Let h(j) = 11*b(j) - 4*m(j). Let k be 1 + 22/(1 + 1). Suppose 0*w - k = 3*w. What is h(w)?
-8
Suppose 5 = -5*c + w, -5*c - 3*w = 12 + 13. Let v be ((-108)/(-24))/(c/(-4)*1). Let z(p) = -p**2 + 9*p. Calculate z(v).
0
Let g = 733 - 735. Let u(t) = 17*t + 2. Calculate u(g).
-32
Let g(y) = -y**3 - 4*y**2 + y. Let q(w) = 5*w**3 + 29*w**2 + w - 12. Let s(r) = -6*g(r) - q(r). Give s(6).
6
Let l(m) = -5*m**2 + 1 - m**3 + 17*m**3 - 10*m**3 + 2*m. Let u(b) = -7*b**3 + 4*b**2 - 2*b - 1. Let h(a) = -5*l(a) - 6*u(a). What is h(-1)?
-12
Let c(h) = -h + 10. Suppose -8*y = -30 - 18. Determine c(y).
4
Let q be 48/3 + -27 - -4. Let d(w) = -w - 5. Let l be 2*3/((-6)/5). Let t(b) = -b - 4. Let c(y) = l*d(y) + 6*t(y). What is c(q)?
8
Let w(r) be the second derivative of 5*r**3/3 + r**2/2 + 153*r. Calculate w(-1).
-9
Let s(t) = 9*t - 57. Let n(w) = -4*w + 23. Let v(q) = -12*n(q) - 5*s(q). Let j = 8 + -15. Calculate v(j).
-12
Let n(g) be the first derivative of -g**2/2 - 3*g + 4. Calculate n(-4).
1
Let f(b) = b. Suppose 12 = -4*a + 7*a. Suppose -a + 5 = -u. Let y(w) = 4. Let m(d) = u*y(d) + 2*f(d). Determine m(3).
2
Let q(h) = -2*h**2 - 6*h. Let b(j) = 8 - 12*j - 9*j**2 + j**3 + 3 - 1 + 1. Let d be b(10). Let p = d - -5. What is q(p)?
-8
Let j(h) = -47*h - 1413. Let g be j(-30). Let s(i) be the second derivative of i**4/6 + i**3/6 - i**2 - i. Calculate s(g).
13
Let w(p) be the second derivative of 1/12*p**4 + 4/3*p**3 - 4*p**2 - 19*p + 0. Calculate w(-7).
-15
Suppose -5*q + 4*b + 13 = -0*q, -5*b + 15 = 0. Let w(u) = -q + 2 + 6*u**2 - u**3 - 2. Let r = -53 + 59. Give w(r).
-5
Let k(g) = -3*g**2 - 9*g**3 + 0*g**3 - 26*g**3 + 36*g**3. What is k(2)?
-4
Let l(r) be the third derivative of 0 - 1/24*r**4 + 0*r + r**2 - 1/6*r**3. Let w(g) = g**3 - 9*g**2 + 13*g + 2. Let d be w(7). Give l(d).
4
Let m be (1 + -2)/(79/(-316)). Let n(g) = g**3 - 3*g**2 + g - 3. Determine n(m).
17
Let w(b) = 14*b + 6. Let h(q) = -2 - q - q - 7*q + 4*q. Let j(s) = -17*h(s) - 6*w(s). Give j(6).
4
Let o = -99 + 98. Let d(v) = 5*v**2 - 1. Calculate d(o).
4
Let k(v) be the third derivative of v**7/2520 - v**6/360 - v**5/12 + 31*v**2. Let w(i) be the third derivative of k(i). Give w(2).
2
Let j(k) = k**3 + 7*k**2 + 7*k - 1. Let z(l) = -7*l - 65. Let y be z(-10). Suppose -6 = -4*c + y*c. What is j(c)?
-7
Let l = 125 - 114. Let j(s) = s**3 - 12*s**2 + 11*s - 2. Calculate j(l).
-2
Let d(x) = -12*x - 1. Let b(q) = 2*q + 3*q - 3*q - q. Let l(w) = -5*b(w) - d(w). Let i be (-19 - -22)*(-1)/(-3) - 0. Calculate l(i).
8
Suppose -5*r + 5 = 3*b, 0 = 9*b - 6*b + 3*r - 9. Let q(n) = -8*n + 9. Let u(x) = -11*x + 14. Let d(j) = b*u(j) - 8*q(j). Give d(2).
16
Let v = -147 + 153. Let n be -8 + v - (2 + (-3 - 2)). Let y(r) = -10*r**2 + r - 1. Determine y(n).
-10
Let h(i) = -32*i - 229. Let c be h(-7). Let v(u) = -u**3 - 5*u**2 + u + 8. Determine v(c).
3
Let z(f) = -f**3 - 3*f**2 + 3*f - 4. Let n = 4 + 4. Let w(q) be the third derivative of q**5/60 - 5*q**4/12 + 2*q**3 + q**2. Let p be w(n). Give z(p).
0
Let q(b) be the first derivative of 3*b**2/2 - 12*b + 89. Calculate q(7).
9
Let z(r) = -2*r - 21. Let k be z(-14). Suppose -n = -2*a + k, 0 = -n + a - 2*a - 4. Let q(g) = -g**2 - 4*g - 4. Give q(n).
-9
Let o(w) = 4*w**2 + 2*w - 1. Suppose 0 = 2*q - 84 - 60. Suppose 0 = -q*m + 75*m - 3. Give o(m).
5
Let p(n) = n - 1. Let a(y) = -8*y + 4. Let l(z) = a(z) + 3*p(z). Suppose -2*q + 3*s = -12 + 2, -q + 5*s + 5 = 0. Suppose q*m = -10 + 5. Determine l(m).
6
Let s(g) = -7*g**3 + 7*g**2 + 9*g + 1. Let l(a) = 16*a**3 - 14*a**2 - 19*a - 3. Let d(j) = -3*l(j) - 7*s(j). Determine d(8).
18
Suppose 24*j + 10 = 154. Let n(r) = r**3 - 5*r**2 - 7*r + 3. What is n(j)?
-3
Let y(k) = 2*k**2 - 2*k - 1. Let i(g) = g - 1. Let p be i(-6). Let r be 3/(-63)*-6*p. Calculate y(r).
11
Let d(j) = -6*j. Let p = -13 - -16. Suppose -h + r - 3 = 5*r, 0 = -5*h - 2*r + p. Let n be d(h). Let i(q) = q**3 + 5*q**2 - 6*q - 7. Give i(n).
-7
Let o(z) = z**2 + 5*z - 2. Let r be 9/1*((-10)/6 + 2). Determine o(r).
22
Let c(v) = 2*v + 3. Let g(m) = m + 4. Let s(d) = 5*c(d) - 6*g(d). Determine s(6).
15
Let b(x) = -x - 12. Let w be b(-9). Let a(n) = -2*n - 1. Let h be a(w). Let i = 6 - h. Let c(m) = 2*m**3 - m**2. Determine c(i).
1
Let a(k) = -104423*k - 1 + 5 + 104424*k. Let g = -18 - -13. Determine a(g).
-1
Let n be (-2)/12 - 7/(-42). Suppose n = 5*p + s - 18, 4*p = 3*s + s. Suppose 3*u = 2*u + p. Let d(f) = f**2 - 5*f. Give d(u).
-6
Let o(y) be the first derivative of -y**2 - 6*y + 5. Suppose -5*u = -15, -7*j + 3*j = 3*u - 21. Suppose -a = -2*w + 9, -4*w + j = a - 0*a. Calculate o(a).
4
Let d(m) = -m**3 - 10*m**2 - 9*m - 12. Suppose -5*r - 6*r = 99. Determine d(r).
-12
Let f(h) be the third derivative of -4*h - 1/3*h**4 + 0 - 1/6*h**3 - 10*h**2. Give f(-1).
7
Let y be (-1 - 0)/(4/32). Let g = -24 - y. Let x = -19 - g. Let h(j) = j**3 + 2*j**2 - 3*j - 1. Determine h(x).
-1
Let i(z) = 0*z + 4*z + 12 - z - 13. Give i(0).
-1
Let m(v) be the first derivative of 1/3*v**3 + 3 - 4*v - 3/2*v**2. Let k(a) = -3*a - 29. Let x be k(-11). What is m(x)?
0
Let q(v) be the third derivative of -7*v**4/12 + v**3/6 - 22*v**2. Suppose 5 = 197*w - 192*w. Determine q(w).
-13
Let l(b) be the first derivative of b**4/4 + 3*b**3 - 10*b + 432. Calculate l(-9).
-10
Let r(u) = u**3 - 2*u**2 - 5*u + 5. Let h(s) = -s - 1. Let i be h(-5). Suppose i*q - 14 = -2*a, -3*a = 2*q - 0*a - 5. What is r(q)?
17
Let y(a) = 2*a + 17. Suppose -4*s + 28 = -5*l - 21, 3*l + 55 = -4*s. What is y(l)?
-9
Let z(t) = -3*t + 63. Let m be z(21). Let n(v) = v**2 + v + 15. What is n(m)?
15
Let p(j) = 21 + 1067*j + 3*j**2 - 1066*j - 2*j**2 - 6. Let v(c) = c**3 + 2*c**2 - 1. Let i be v(-1). Determine p(i).
15
Let r(n) be the third derivative of -n**4/12 + 5*n**3/6 + 14*n**2. Calculate r(5).
-5
Let u(x) = x**2 - 4*x - 6. Let w = -3 - 32. Suppose 5 - 34 = l. Let m = l - w. Determine u(m).
6
Let w(x) = x - 4. Suppose 0 = 7*p - 10 - 11. Let y be (-6)/(-7)*(16 - p - 6). Calculate w(y).
2
Suppose -2*c = c. Suppose 0 = 3*b - c*b - 15. Let a(q) = q**2 - 5*q - 6. What is a(b)?
-6
Let s(l) = -2*l + 71. Let g be s(33). Let m(a) = -2*a + 3. Give m(g).
-7
Let l(t) = t - 4 - 6*t + 0*t + 8*t. Suppose -4*o - 6 = 14. Let v(i) = i**3 + 5*i**2 - 2*i - 7. Let n be v(o). Calculate l(n).
5
Let a(d) be the third derivative of d**8/10080 + d**7/1260 + d**6/360 + d**5/6 - 6*d**2. Let c(x) be the third derivative of a(x). Give c(-2).
2
Let a(w) = 3*w**2 - 3*w - 2. Let o(i) = -3*i**3 + 2*i**2 - 22*i + 20. Let g be o(1). Give a(g).
34
Let c(u) = -6*u + 59. Let f be c(8). Let x(i) = 3*i - 45. Give x(f).
-12
Let y(l) = l**3 + l + 2. Let m be (-30)/(-45) - (-1 - (-30)/(-9)). Let o = 12 + -19. Let a = m + o. Determine y(a).
-8
Let p(d) = -3*d - 6. Suppose -2897 = w - 2892. Determine p(w).
9
Let x(t) = 3*t + 4. Let n(h) = -2*h - 33. Let p be n(-21). Let i(s) = -s**3 + 10*s**2 - 8*s - 14. Let z be i(p). What is x(z)?
-11
Let h(m) = -3*m + 33. Let r(i) = -i + 17. Let d(y) = -2*h(y) + 5*r(y). Let v be d(-18). Let c(b) = -7*b**2 + 1. What is c(v)?
-6
Suppose 2*j - 9 = -5. Suppose -j*n = -4 - 8. Let v(y) = 1 + 2*y**2 - n + 6 + 4*y. What is v(-3)?
7
Let y(a) = 5*a + a - 7 - 4*a. Suppose -3*q = 4*v - v, -4*v = -2*q + 30. Determine y(q).
3
Let a(h) = -h**3 - 4*h**2 + 5*h - 1. Let c be a(-5). Let l(x) be the third derivative of x**4/4 + x**3/6 + 404*x**2. Give l(c).
-5
Let x = 34 - 29. Let z(r) = -9 + 9 + x - r**2. Give z(4).
-11
Let d(c) = 4*c**2 + 2*c - 1. Let r be ((-1)/3)/(49/441). Give d(r).
29
Let p(a) = a**2 + 12*a - 8. Let c be p(-13). Suppose f + 21 + 6 = c*g, 3*f = -3*g + 9. Let b(r) = r. Let s(i) = 6*i. Let x(w) = -4*b(w) + s(w). Determine x(f).
-4
Let h(i) = 7*i. Suppose 59*c - 2